{"id":183,"date":"2024-04-30T13:22:29","date_gmt":"2024-04-30T13:22:29","guid":{"rendered":"https:\/\/albinasigorta.com.tr\/wp\/?page_id=183"},"modified":"2024-12-05T17:55:13","modified_gmt":"2024-12-05T17:55:13","slug":"hakkimizda","status":"publish","type":"page","link":"https:\/\/albinasigorta.com.tr\/?page_id=183","title":{"rendered":"Hakk\u0131m\u0131zda"},"content":{"rendered":"\t\t<div data-elementor-type=\"wp-page\" data-elementor-id=\"183\" class=\"elementor elementor-183\" data-elementor-post-type=\"page\">\n\t\t\t\t<div class=\"elementor-element elementor-element-5830f18 e-con-full e-flex e-con e-parent\" data-id=\"5830f18\" data-element_type=\"container\" data-e-type=\"container\" data-settings=\"{&quot;background_background&quot;:&quot;classic&quot;}\">\n\t\t<div class=\"elementor-element elementor-element-5019351 e-con-full e-flex e-con e-child\" data-id=\"5019351\" data-element_type=\"container\" data-e-type=\"container\">\n\t\t\t\t<div class=\"elementor-element elementor-element-2ab0f65 elementor-widget__width-inherit elementor-widget elementor-widget-heading\" data-id=\"2ab0f65\" data-element_type=\"widget\" data-e-type=\"widget\" data-widget_type=\"heading.default\">\n\t\t\t\t<div class=\"elementor-widget-container\">\n\t\t\t\t\t<h2 class=\"elementor-heading-title elementor-size-default\">Hakk\u0131m\u0131zda<\/h2>\t\t\t\t<\/div>\n\t\t\t\t<\/div>\n\t\t\t\t<\/div>\n\t\t\t\t<\/div>\n\t\t<div class=\"elementor-element elementor-element-7de7787 e-flex e-con-boxed e-con e-parent\" data-id=\"7de7787\" data-element_type=\"container\" data-e-type=\"container\">\n\t\t\t\t\t<div class=\"e-con-inner\">\n\t\t<div class=\"elementor-element elementor-element-9ce2f56 e-con-full e-flex e-con e-child\" data-id=\"9ce2f56\" data-element_type=\"container\" data-e-type=\"container\">\n\t\t\t\t<div class=\"elementor-element elementor-element-afec949 elementor-widget elementor-widget-sidebar\" data-id=\"afec949\" data-element_type=\"widget\" data-e-type=\"widget\" data-widget_type=\"sidebar.default\">\n\t\t\t\t<div class=\"elementor-widget-container\">\n\t\t\t\t\t<section id=\"block-10\" class=\"widget widget_block widget_text\">\n<p><strong>Kurumsal<\/strong><br><a href=\"https:\/\/albinasigorta.com.tr\/?page_id=183\">Hakk\u0131m\u0131zda<\/a><br><a href=\"https:\/\/albinasigorta.com.tr\/?page_id=189\">Kvkk<\/a><br><a href=\"https:\/\/albinasigorta.com.tr\/?page_id=194\">\u00c7erez Politikas\u0131<\/a><\/p>\n<\/section>\t\t\t\t<\/div>\n\t\t\t\t<\/div>\n\t\t\t\t<\/div>\n\t\t<div class=\"elementor-element elementor-element-ce5b785 e-con-full e-flex e-con e-child\" data-id=\"ce5b785\" data-element_type=\"container\" data-e-type=\"container\">\n\t\t\t\t<div class=\"elementor-element elementor-element-039b54d elementor-widget elementor-widget-text-editor\" data-id=\"039b54d\" data-element_type=\"widget\" data-e-type=\"widget\" data-widget_type=\"text-editor.default\">\n\t\t\t\t<div class=\"elementor-widget-container\">\n\t\t\t\t\t\t\t\t\t<p><strong>Albina Sigorta &#8220;G\u00fcvenilir Partneriniz&#8221;<\/strong><\/p><p><strong>Albina Sigorta<\/strong>, g\u00fcvenilir, yenilik\u00e7i ve m\u00fc\u015fteri odakl\u0131 bir yakla\u015f\u0131mla sigorta sekt\u00f6r\u00fcnde hizmet veren \u00f6nc\u00fc bir kurulu\u015ftur. M\u00fc\u015fterilerimize geni\u015f bir yelpazede sigorta \u00e7\u00f6z\u00fcmleri sunarak, onlar\u0131n hayatlar\u0131n\u0131, i\u015flerini ve de\u011ferlerini g\u00fcvence alt\u0131na almaya odaklan\u0131yoruz.<\/p><p>Misyonumuz, m\u00fc\u015fterilerimizin g\u00fcvenli\u011fini ve memnuniyetini sa\u011flamak i\u00e7in en iyi sigorta \u00fcr\u00fcnlerini sunmak ve onlara destek olmakt\u0131r. Bu misyonu ger\u00e7ekle\u015ftirirken, d\u00fcr\u00fcstl\u00fck, \u015feffafl\u0131k, kalite ve m\u00fc\u015fteri odakl\u0131l\u0131k ilkelerini benimsemekteyiz.<\/p><p><strong>Albina Sigorta<\/strong> olarak, m\u00fc\u015fterilerimizin ihtiya\u00e7lar\u0131na uygun \u00e7\u00f6z\u00fcmler sunabilmek i\u00e7in geni\u015f bir \u00fcr\u00fcn yelpazesi sunuyoruz. Sa\u011fl\u0131k sigortalar\u0131, ara\u00e7 sigortalar\u0131, konut sigortalar\u0131, seyahat sigortalar\u0131 ve i\u015fletme sigortalar\u0131 gibi \u00e7e\u015fitli alanlarda sigorta \u00fcr\u00fcnleri sunuyoruz. M\u00fc\u015fterilerimizin farkl\u0131 gereksinimlerini kar\u015f\u0131layacak \u015fekilde esnek ve \u00f6zelle\u015ftirilebilir poli\u00e7e se\u00e7enekleri sunuyoruz.<\/p><p><strong>Albina Sigorta<\/strong>, m\u00fc\u015fteri memnuniyetini sa\u011flamak i\u00e7in s\u00fcrekli olarak kendini geli\u015ftirmektedir. M\u00fc\u015fterilerimizin daha h\u0131zl\u0131 ve kolay bir \u015fekilde hizmet almas\u0131n\u0131 sa\u011flamak i\u00e7in teknolojiyi etkin bir \u015fekilde kullan\u0131yoruz.\u00a0<\/p><p><strong>Albina Sigorta<\/strong>, sekt\u00f6rdeki uzman kadrosuyla, g\u00fcvenilirli\u011fi ve kaliteyi \u00f6n planda tutarak m\u00fc\u015fterilerine g\u00fcven vermektedir. M\u00fc\u015fterilerimizin hayatlar\u0131n\u0131 g\u00fcvence alt\u0131na almak ve onlara huzur ve g\u00fcvenlik sa\u011flamak i\u00e7in \u00e7al\u0131\u015f\u0131yoruz.<\/p><p>Siz de <strong>Albina Sigorta<\/strong> ailesine kat\u0131larak, g\u00fcvende olman\u0131n huzurunu ya\u015fayabilirsiniz. G\u00fcvenilir bir sigorta partneri olarak, hayat\u0131n\u0131z\u0131 ve de\u011ferlerinizi korumak i\u00e7in buraday\u0131z.<\/p>\t\t\t\t\t\t\t\t<\/div>\n\t\t\t\t<\/div>\n\t\t\t\t<\/div>\n\t\t\t\t\t<\/div>\n\t\t\t\t<\/div>\n\t\t\t\t<\/div>\n\t\t","protected":false},"excerpt":{"rendered":"<p>Hakk\u0131m\u0131zda Albina Sigorta &#8220;G\u00fcvenilir Partneriniz&#8221; Albina Sigorta, g\u00fcvenilir, yenilik\u00e7i ve m\u00fc\u015fteri odakl\u0131 bir yakla\u015f\u0131mla sigorta sekt\u00f6r\u00fcnde hizmet veren \u00f6nc\u00fc bir kurulu\u015ftur. M\u00fc\u015fterilerimize geni\u015f bir yelpazede sigorta \u00e7\u00f6z\u00fcmleri sunarak, onlar\u0131n hayatlar\u0131n\u0131, i\u015flerini ve de\u011ferlerini g\u00fcvence alt\u0131na almaya odaklan\u0131yoruz. Misyonumuz, m\u00fc\u015fterilerimizin g\u00fcvenli\u011fini ve memnuniyetini sa\u011flamak i\u00e7in en iyi sigorta \u00fcr\u00fcnlerini sunmak ve onlara destek olmakt\u0131r. Bu misyonu&#8230;<\/p>\n","protected":false},"author":1,"featured_media":0,"parent":0,"menu_order":0,"comment_status":"closed","ping_status":"closed","template":"","meta":{"_kad_post_transparent":"","_kad_post_title":"hide","_kad_post_layout":"fullwidth","_kad_post_sidebar_id":"","_kad_post_content_style":"unboxed","_kad_post_vertical_padding":"hide","_kad_post_feature":"hide","_kad_post_feature_position":"","_kad_post_header":false,"_kad_post_footer":false,"_kad_post_classname":"","_joinchat":[],"footnotes":""},"class_list":["post-183","page","type-page","status-publish","hentry"],"_links":{"self":[{"href":"https:\/\/albinasigorta.com.tr\/index.php?rest_route=\/wp\/v2\/pages\/183","targetHints":{"allow":["GET"]}}],"collection":[{"href":"https:\/\/albinasigorta.com.tr\/index.php?rest_route=\/wp\/v2\/pages"}],"about":[{"href":"https:\/\/albinasigorta.com.tr\/index.php?rest_route=\/wp\/v2\/types\/page"}],"author":[{"embeddable":true,"href":"https:\/\/albinasigorta.com.tr\/index.php?rest_route=\/wp\/v2\/users\/1"}],"replies":[{"embeddable":true,"href":"https:\/\/albinasigorta.com.tr\/index.php?rest_route=%2Fwp%2Fv2%2Fcomments&post=183"}],"version-history":[{"count":13,"href":"https:\/\/albinasigorta.com.tr\/index.php?rest_route=\/wp\/v2\/pages\/183\/revisions"}],"predecessor-version":[{"id":344,"href":"https:\/\/albinasigorta.com.tr\/index.php?rest_route=\/wp\/v2\/pages\/183\/revisions\/344"}],"wp:attachment":[{"href":"https:\/\/albinasigorta.com.tr\/index.php?rest_route=%2Fwp%2Fv2%2Fmedia&parent=183"}],"curies":[{"name":"wp","href":"https:\/\/api.w.org\/{rel}","templated":true}]}}